{"id":53,"date":"2025-09-10T18:01:29","date_gmt":"2025-09-10T18:01:29","guid":{"rendered":"https:\/\/clarakim.be\/?page_id=53"},"modified":"2025-10-03T22:17:42","modified_gmt":"2025-10-03T22:17:42","slug":"biography-2","status":"publish","type":"page","link":"https:\/\/clarakim.be\/","title":{"rendered":"Biography"},"content":{"rendered":"\n<figure class=\"wp-block-image size-full\"><img loading=\"lazy\" decoding=\"async\" width=\"235\" height=\"313\" src=\"https:\/\/clarakim.be\/wp-content\/uploads\/2023\/05\/CKportait.png\" alt=\"\" class=\"wp-image-24\" srcset=\"https:\/\/clarakim.be\/wp-content\/uploads\/2023\/05\/CKportait.png 235w, https:\/\/clarakim.be\/wp-content\/uploads\/2023\/05\/CKportait-225x300.png 225w\" sizes=\"auto, (max-width: 235px) 100vw, 235px\" \/><\/figure>\n\n\n\n<p class=\"has-text-align-left\">Clara Kim<br>N\u00e9e \u00e0 S\u00e9oul,<br>vit actuellement \u00e0 Bruxelles, en Belgique,<br>avec son mari et sa fille<\/p>\n\n\n\n<p>Dipl\u00f4m\u00e9e du d\u00e9partement de composition du Yonsei University de S\u00e9oul, Cor\u00e9e du Sud, elle a obtenu les Dipl\u00f4mes d&#8217;harmonie, de contrepoint, de fugue et de premier prix de piano au Conservatoire Royal de Musique de Bruxelles et pour terminer Master en composition avec concerto pour violon au Koninklijk Conservatorium Brussel.<\/p>\n\n\n\n<p>Elle a \u00e9tudi\u00e9 le piano avec Dominique Cornil et Sergei Leschenko, un ancien professeur au Conservatoire de Leningrad, la composition avec Rafa\u00ebl D&#8217;Haene, professeur de composition et ancien directeur du Koninklijk Conservatorium Brussel. Dans le paysage en constante \u00e9volution de la musique contemporaine, elle a construit sa propre technique de composition bas\u00e9e sur la m\u00e9lodie et la structure. Ella a enseign\u00e9 la composition \u00e0 l&#8217;Universit\u00e9 Yonsei \u00e0 S\u00e9oul, Cor\u00e9e du Sud<\/p>\n\n\n\n<ul class=\"wp-block-list\">\n<li>Commissionn\u00e9e par Agape World Opera Korea, <br>elle compose Lied \u00ab Do You Love Me? \u00bb pour la voix : 18 pi\u00e8ces<\/li>\n\n\n\n<li>D\u00e9sign\u00e9e par le concours national Dexia, <br>elle compose \u00ab Toccata \u00bb pour clavecin. <br>Cette pi\u00e8ce est compos\u00e9e sous la direction de Annelie De Man <br>( Conservatoirre d\u2019Amsterdam) et aussi d\u00e9di\u00e9e \u00e0 elle-m\u00eame.<\/li>\n\n\n\n<li>Concert caritatif pour soutenir UGANDA AIM<\/li>\n\n\n\n<li>Directeur musical pour \u00abThe Twelve Chamber Orchestra \u00bb \u00e0 Gwang-Ju, Cor\u00e9e du Sud<\/li>\n\n\n\n<li>Musique pour la vid\u00e9o promotionnelle \/ 1st Korea Air Force Idea Art Student Contest<\/li>\n\n\n\n<li>Directeur musical<br>pour Seoul Metropolitan Office of Education Planning Talent Donation Concert<\/li>\n\n\n\n<li>Collaboration avec l\u2019illustratrice fran\u00e7aise Brigitte Susini   www.brigittesusini.fr<\/li>\n\n\n\n<li>Directeur musical pour \u00abGloria Symphonie\u00bb \u00e0 Paris en France<\/li>\n<\/ul>\n\n\n\n<p>Clara Kim<br>Born December 16, 1967 in Seoul,<br>currently lives in Brussels, Belgium,<br>with her husband and daughter.<\/p>\n\n\n\n<p>A graduate of the Composition Department at Yonsei University in Seoul, South Korea, she earned diplomas in harmony, counterpoint, fugue, and first prize in piano from the Royal Conservatory of Music in Brussels, and completed a Master&#8217;s degree in composition with a violin concerto at the Royal Conservatory of Brussels.<\/p>\n\n\n\n<p>She studied piano with Dominique Cornil and Sergei Leschenko, a former professor at the Leningrad Conservatory, and composition with Rafa\u00ebl D&#8217;Haene, professor of composition and former director of the Royal Conservatory of Brussels. In the ever-changing landscape of contemporary music, she has developed her own compositional technique based on melody and structure. She taught composition at Yonsei University in Seoul, South Korea.<br> <\/p>\n","protected":false},"excerpt":{"rendered":"<p>Clara KimN\u00e9e \u00e0 S\u00e9oul,vit actuellement \u00e0 Bruxelles, en Belgique,avec son mari et sa fille Dipl\u00f4m\u00e9e du d\u00e9partement de composition du Yonsei University de S\u00e9oul, Cor\u00e9e du Sud, elle a obtenu les Dipl\u00f4mes d&#8217;harmonie, de contrepoint, de fugue et de premier prix de piano au Conservatoire Royal de Musique de Bruxelles et pour terminer Master en &hellip; <\/p>\n<p class=\"link-more\"><a href=\"https:\/\/clarakim.be\/\" class=\"more-link\">\ub354 \ubcf4\uae30<span class=\"screen-reader-text\"> &#8220;Biography&#8221;<\/span><\/a><\/p>\n","protected":false},"author":1,"featured_media":0,"parent":0,"menu_order":0,"comment_status":"closed","ping_status":"closed","template":"","meta":{"om_disable_all_campaigns":false,"_monsterinsights_skip_tracking":false,"_monsterinsights_sitenote_active":false,"_monsterinsights_sitenote_note":"","_monsterinsights_sitenote_category":0,"footnotes":""},"class_list":["post-53","page","type-page","status-publish","hentry"],"aioseo_notices":[],"_links":{"self":[{"href":"https:\/\/clarakim.be\/index.php?rest_route=\/wp\/v2\/pages\/53","targetHints":{"allow":["GET"]}}],"collection":[{"href":"https:\/\/clarakim.be\/index.php?rest_route=\/wp\/v2\/pages"}],"about":[{"href":"https:\/\/clarakim.be\/index.php?rest_route=\/wp\/v2\/types\/page"}],"author":[{"embeddable":true,"href":"https:\/\/clarakim.be\/index.php?rest_route=\/wp\/v2\/users\/1"}],"replies":[{"embeddable":true,"href":"https:\/\/clarakim.be\/index.php?rest_route=%2Fwp%2Fv2%2Fcomments&post=53"}],"version-history":[{"count":17,"href":"https:\/\/clarakim.be\/index.php?rest_route=\/wp\/v2\/pages\/53\/revisions"}],"predecessor-version":[{"id":140,"href":"https:\/\/clarakim.be\/index.php?rest_route=\/wp\/v2\/pages\/53\/revisions\/140"}],"wp:attachment":[{"href":"https:\/\/clarakim.be\/index.php?rest_route=%2Fwp%2Fv2%2Fmedia&parent=53"}],"curies":[{"name":"wp","href":"https:\/\/api.w.org\/{rel}","templated":true}]}}